85 + (-90 + -15 - 29)?
-49
(3338 - 3330) + (0 - -1 - -14) + -3
20
Calculate (43 - (-18 + -17 + 21)) + -21.
36
Calculate -95 + 77 + -4 - -34.
12
(-232 - -226) + (-11 - -1) + (-19 - -15)
-20
What is the value of 101 + (77 + -108 - 28)?
42
Calculate (-7 - -39) + 1 + -86 + 55.
2
Calculate (-46 - (75 - 197)) + -25.
51
Calculate (23 + -6 + 19 - 16) + 13.
33
Evaluate -1 + 75 - (60 - (61 + -24)).
51
What is 188 + (-267 - -107) - (3 - 55)?
80
Calculate -38 + (92 - 33 - -17).
38
What is (-28 - 1) + 2 + -17 + 1 + 0 + 15?
-28
What is 232 - 228 - (0 - (2 + -35) - 3)?
-26
Evaluate (-58 - -80) + 122 + -1 + -8 + -5.
130
Calculate -98 + 20 + 7 + (-10 - (-14 + (3 - -1))).
-71
Evaluate 1 + -1 + -2 + -10 + 1 + (-77 - -8).
-80
Evaluate (-40 - -7 - -38 - (24 - 3)) + 50.
34
Calculate (-32 - (-13 + -8)) + 8 - (13 + 24).
-40
Evaluate (-14 - -25) + (2 + 1 + -24 - 3).
-13
5 + 0 + -2 + (-142 - -132) + -48
-55
Calculate 38 - (-5 - -28 - (-46 + 46)).
15
What is the value of -36 - (-21 - (-76 + 11) - -28)?
-108
23 - 5 - (826 + -714)
-94
Evaluate 18 + (1 - -15) + (-2 - 3) + -11.
18
Evaluate -32 - (-6 + -39 - -22 - -8).
-17
(-136 - 2) + (53 - (35 - -44 - 43))
-121
What is (2 - (-5 - -3)) + 3 + (-58 - (81 - 53))?
-79
(-3 - -34 - (68 - 41)) + (-1 - -4)
7
Calculate -48 - -54 - -89 - 39.
56
What is the value of 1571 - 1552 - (-1 + 2 - -23) - -15?
10
60 + -42 - (-158 + 87)
89
What is the value of -439 + 390 + (0 - (-11 + 2))?
-40
Evaluate (-1 - 13 - (45 - 62)) + (-45 - (2 + 1)).
-45
(10 + -6 + 4 - (36 - 7)) + 11
-10
What is 2 - (-15 + (-6 - -106 - (12 + (-13 - -6))))?
-78
(11 - (-16 + 6)) + (-8 - (2 - 1))
12
(1 - -63 - (-664 + 686)) + -27
15
What is the value of (3072 - 3049) + -39 + -3?
-19
Evaluate -2800 + 2729 - (1 - 181).
109
Evaluate (-99 + 12 - (-53 + 23)) + (12 - 3).
-48
What is the value of (2 - 8) + (-28 - (3 - 59))?
22
-5 - -4 - (94 - (11 - -4) - 0)
-80
Calculate (3082 - 3085) + (2 - (-1 + 1)) + 8 + -57.
-50
What is -1 + 3 - (-6 + -6 + 9) - 50 - -2?
-43
What is the value of 38 - -62 - (-11 - (-7 + 6 - 3))?
107
What is the value of -5 + (13 - ((-11 + 49 - -12) + -6))?
-36
What is (0 - 13) + (-16 - -27 - 1) + -12?
-15
Evaluate 6 - (-49 - 2 - (1 + -21 + 11 - -5)).
53
Evaluate -26 - (76 + -104 + 95).
-93
Evaluate (6 - (77 - -2) - 3) + (11 - 23) + 16.
-72
What is 27 - ((9 - (4 - 6)) + -15) - 0?
31
What is the value of (13 - -33) + (-14 - -8) + -7 + (-7 - -18)?
44
What is the value of 81 - 7 - (183 - 58)?
-51
What is (-1 - 1) + -39 + 5829 + -5862?
-74
What is -24 + 8 + 18 - (5 + 22 + -1)?
-24
What is (-10 - (-2 + 8 + (-3 - 6) + -4)) + -4?
-7
What is 15 - (-9 + 7 - (-11 - 2))?
4
What is the value of 37 - ((15 + -15 - 2) + 9 + (-3 - 8))?
41
(3 - 28) + 1106 + -1000
81
Evaluate (0 - 1 - -2 - -7) + (-2928 - -2863).
-57
What is -66 - (-15 + -13 + -3 + 16)?
-51
What is 12858 + -12885 - (-10 - (-3 - (-3 + 3) - -5))?
-15
Evaluate -1 - -113 - (19 + -33 + 41).
85
-20 + -12 + (39 - (19 + -5))
-7
What is 7 + 36 + 30 - 35?
38
(2 - ((45 - 37) + (-11 - 0))) + -10 + -60
-65
Evaluate 17 + (342 - 388) + 0 + 15 - (-88 + -2).
76
Evaluate 5 + -15 + (79 - 51) + 48.
66
What is 15 + 3 + -20 + (-7 + -126 - -2 - 3)?
-136
-1 + (21 - (-18 + -5)) + -1
42
What is -44 - -3 - (15 + (-32 - (-7 - 4)))?
-35
Evaluate -10 - (-25 + 77 + 31 + -25).
-68
What is the value of -62 + -5 - (1194 - 1168)?
-93
What is 33 - 31 - (-6 + 6) - (-35 + 1 + -1)?
37
What is the value of 40 + (53 - 61) - 4?
28
What is 0 - (-1 - 49) - (-58 - 55 - -123)?
40
What is 0 - -3 - ((-10 - -6 - -8) + 3)?
-4
Calculate 114 + 1 + 3519 + -3593.
41
What is -13 + 1 - ((15 - 15 - (-25 + 9)) + -11)?
-17
What is (-17 - -4) + 16 + 13 + 53?
69
-92 - -206 - 162 - -6
-42
What is 11 - -12 - (-15 + -8 - (-14 - -4))?
36
What is the value of 18 + (136 - 148 - (5 - 1)) + 37?
39
Calculate -4 + -20 + (5 - 8 - -39).
12
2 + 10 - ((-11 - (15 + -13 + -24)) + 69)
-68
What is the value of (-1 - -2) + -1 - (154 - 250)?
96
Evaluate (8 - 18) + ((-2 - -5) + 6 - 61) - -5.
-57
What is 60 + 62 + -70 + (3 - -5)?
60
-29 + 22 + (-1 - -9) - (14 + -12)
-1
What is the value of -64 + (4 + -17 - (15 - 35))?
-57
What is the value of -59 + (1 - 0) - (-29 + 65 - 42)?
-52
What is 0 + -95 - (45 + -57)?
-83
13 + 17 + 56 + -66
20
-1 - (0 + -2) - (-16 - (-59 + 32 - -31))
21
Calculate -1149 + 1145 - (31 - -2 - -3).
-40
Evaluate 8 + (-1 - -1 - ((42 - 23) + -25)) + 0.
14
What is the value of -14347 + 14384 - (-8 + 0)?
45
Evaluate (-68 - 0) + (-39 + 26 - -38 - 11 - 4).
-58
What is -36 - 0 - (15 + (6 - -23) - 56)?
-24
Evaluate 0 + 19 - 2 - (54 + (-94 - -6)).
51
What is -5710 - -5793 - (1 + 105)?
-23
(-65 - -94) + (-3 - 10)
16
What is the value of -12 + (-15 + 12 - 12) + -14?
-41
-24 + (95 - 89) - (2 + -19)
-1
Evaluate 4 + 55 - (217 - 227).
69
Calculate 81 + -1 + 32 + -15 + -20 + 12.
89
Evaluate 7 + (1 - -12) + (156 - 182) - -9.
3
(-83 - (22 + -22 - 22) - -3) + 6
-52
Evaluate 17 - ((9 - 8) + 125 + -15) - -17.
-77
Calculate 38 + -103 - -169 - 133.
-29
Evaluate 97 - (5 + 10 + -17 + 0 + 6 + -13).
106
What is 5 - (-1 + -6 - (-22 - (31 - 69)))?
28
Evaluate (-6 - 0) + (-21 - (-16 + -3)) - 11.
-19
What is 109 + (14 + -53 - -53)?
123
What is the value of 359 + -353 + (0 - 67) - (-15 + 0 + 4)?
-50
What is -10 + (-13 - (-5 + -26))?
8
Evaluate (96 - -15) + -37 - (12 + -1 + 3).
60
What is 0 - (-15 - (-11 + 2) - (-3 + 4 - -10))?
17
What is the value of -8 + 4 - (36 + -21) - (0 - -9)?
-28
Calculate 11 + 20 + (1 - 8) + -38 + -1.
-15
What is the value of -42 + (25 + -23 - 32) + 13?
-59
Evaluate (-10 - 20) + 20 - (-76 - (-2 + -7 + 5)).
62
Calculate (1 - (0 - 7)) + (11 + -19 - 1) + -69.
-70
What is (2 - 13 - (-14 - (-48 + 8))) + (1 - -9)?
-27
What is 12 + -49 + -4 - -44?
3
What is the value of (-35 - -37) + (-22 - (1 - -10))?
-31
-168 + 0 + 2 + (-11 - -55)
-122
(-18 - (-6 + -29 + 9)) + 18
26
What is the value of -37 + 2 - (-2117 - -2091)?
-9
What is 153 - 164 - (2 + -5 + (-3 + 2 - -63))?
-70
What is the value of 0 + (9 - (2 - 1)) - (-187 + 177)?
18
-21 + (-2 - -27) + (-1116 - -1095)
-17
Calculate (-3 - -1 - (-104 + 55)) + 15 + 2 + -10.
54
What is 6 + -1 - 13 - -10 - (19 + -10)?
-7
Calculate -70 - (-49 + 1 - (-237 + 223)).
-36
Calculate 10 + -1 + -15 + 2 + 0 + -66.
-70
What is the value of 12 - (-16 + 36 + -9 + -145 + 12 - -15)?
119
What is 22 + (-20 - -3) - 54 - (-21 + 40)?
-68
Evaluate (47 - -57 - 21) + -124.
-41
Calculate 58 + -4 + (9 - -29 - 28).
64
Calculate -9 + (98 - (-47 - -45) - -6).
97
-17 + 4 + -49 - (-3 + -11) - 22
-70
What is the value of -13 + (-5 - 1) + -8 + 0 - 0?
-27
48 + -126 + 42 + (15 - 28)
-49
(-12 + 36 + -33 - (2 + -14)) + 34
37
What is -86 + (-81 - -5) - -99?
-63
What is the value of -106 - (-5 - (7 + 4 + 12))?
-78
14 + -45 - -18 - (13 + -29 + -14)
17
66 + (13 + -20 + 20 - 15 - 11)
53
Evaluate (-17 + 27 - (12 + -7)) + (-1 - 0) - -69.
73
What is the value of 6 + -7 + 4 + 7 - (15 + 22)?
-27
Evaluate -22 + 3 + (-2 - -11) - -5 - (-11 + 2).
4
What is the value of (-1597 - -1591) + -1 + (1 - -15) - 68 - 14?
-73
Calculate 50 + -80 + (42 - 0).
12
What is (-14 - (1 - -3)) + (2 - (24 + -119))?
79
What is the value of -39 + -1 - (-4342 + 4274)?
28
Calculate 19 + (-19 - (12 - (30 - 10))) + -38.
-30
Evaluate (-45 - -59) + -84 - 47.
-117
Evaluate (3 - (-1 + 10 - 9) - 28) + -8.
-33
Evaluate -67 - -13 - -115 - 37.
24
Calculate (4 - -6) + 4 + -6 + -20 + -7 + 17.
-2
What is (-12 + 1 - (778 + -793)) + 1 + 56?
61
What is the value of (12 - (-5 + 15 - 2)) + (-12 - -46)?
38
Evaluate -32 + 51 - (41 - 45).
23
What is the value of -5 + (-1 - (-5 + 0 - -1)) + (8525 - 8488)?
35
Evaluate 870 - 868 - (-1 + 0 - (1 + -96)).
-92
What is the value of -24 + 22 + -5 + -17 + 7?
-17
Calculate -61 + 58 - ((-6 + -2 - -38) + 5).
-38
17 + -31 + (-2 - 11) + 13
-14
What is 86 + ((18 - (-3 - -4)) + -6 - 0 - 22)?
75
Evaluate (-16 - 8 - -1) + -20 + 0 + 22 + -9.
-30
Evaluate (-5 - 63) + (20 + -1 - 23) + 17.
-55
What is -242 - -92 - -113 - -74?
37
What is the value of -6 - (-3 - -23 - 6 - 16)?
-4
(0 - -81) + 2717 + -2739
59
What is (-18 - (-112 + 22)) + 1 + 0 + 1?
74
What is (35 - 26) + 2 + (-8 - 2) - -16?
17
29 - 1 - (-18 + (9 - (16 - 13)) + 0)
40
Calculate (7 - 0) + -61 - (15 - (11 - -11)).
-47
Calculate -384 + 512 + -17 + 0.
111
What is the value of 43 - (13 + 0 - 11 - -4)?
37
What is the value of 44 + 1 - (411 + -330)?
-36
Calculat